llions digit of 266330391?
6
What is the hundreds digit of 2339307307?
3
What is the millions digit of 117711188?
7
What is the hundred millions digit of 6501643063?
5
What is the thousands digit of 1997810639?
0
What is the hundred thousands digit of 301175536?
1
What is the hundred millions digit of 192946182?
1
What is the tens digit of 32482065?
6
What is the units digit of 363630714?
4
What is the millions digit of 59123204?
9
What is the units digit of 271687213?
3
What is the ten thousands digit of 179107366?
0
What is the ten millions digit of 673125498?
7
What is the hundred millions digit of 433364527?
4
What is the tens digit of 114432687?
8
What is the thousands digit of 392012109?
2
What is the tens digit of 1965361498?
9
What is the tens digit of 114956746?
4
What is the thousands digit of 86056964?
6
What is the hundred millions digit of 3855997890?
8
What is the tens digit of 7122025539?
3
What is the hundred thousands digit of 1118182?
1
What is the tens digit of 95055300?
0
What is the hundred thousands digit of 145905550?
9
What is the thousands digit of 2632526321?
6
What is the millions digit of 627866215?
7
What is the hundred millions digit of 1121240986?
1
What is the tens digit of 45885962?
6
What is the hundred thousands digit of 2121417407?
4
What is the ten thousands digit of 481522358?
2
What is the millions digit of 129236468?
9
What is the hundred thousands digit of 30399160?
3
What is the millions digit of 2567606361?
7
What is the ten thousands digit of 26943784?
4
What is the hundred millions digit of 435188457?
4
What is the hundreds digit of 1713702861?
8
What is the ten thousands digit of 1001435316?
3
What is the ten millions digit of 787389042?
8
What is the hundreds digit of 292966772?
7
What is the hundreds digit of 2349247923?
9
What is the millions digit of 7696790?
7
What is the thousands digit of 86075859?
5
What is the units digit of 7716080644?
4
What is the thousands digit of 730283448?
3
What is the units digit of 692408966?
6
What is the hundreds digit of 39438529?
5
What is the ten millions digit of 4776547869?
7
What is the thousands digit of 138856797?
6
What is the hundred thousands digit of 43238284?
2
What is the hundred thousands digit of 681268356?
2
What is the thousands digit of 785292297?
2
What is the units digit of 2162216943?
3
What is the hundreds digit of 243227194?
1
What is the tens digit of 135587757?
5
What is the millions digit of 17550171?
7
What is the thousands digit of 10232387?
2
What is the units digit of 566240385?
5
What is the hundred thousands digit of 2659913484?
9
What is the millions digit of 419733653?
9
What is the hundred thousands digit of 215885574?
8
What is the units digit of 210817621?
1
What is the tens digit of 52179822?
2
What is the ten millions digit of 432529969?
3
What is the hundred millions digit of 184038759?
1
What is the millions digit of 158240871?
8
What is the tens digit of 212063076?
7
What is the ten millions digit of 10064077?
1
What is the hundred thousands digit of 517541516?
5
What is the units digit of 278757826?
6
What is the hundred millions digit of 1039084780?
0
What is the thousands digit of 92384655?
4
What is the thousands digit of 2067192832?
2
What is the thousands digit of 45345993?
5
What is the hundreds digit of 739612927?
9
What is the units digit of 64210498?
8
What is the units digit of 54981036?
6
What is the hundred millions digit of 239593184?
2
What is the millions digit of 1190429206?
0
What is the ten thousands digit of 1370321916?
2
What is the thousands digit of 138372980?
2
What is the hundreds digit of 6904875914?
9
What is the ten thousands digit of 91678818?
7
What is the tens digit of 47652490?
9
What is the tens digit of 333043000?
0
What is the ten thousands digit of 1168459544?
5
What is the hundreds digit of 104920700?
7
What is the hundreds digit of 35137386?
3
What is the hundred thousands digit of 71247927?
2
What is the units digit of 438570855?
5
What is the ten thousands digit of 109910358?
1
What is the thousands digit of 232451706?
1
What is the units digit of 486197061?
1
What is the millions digit of 334510363?
4
What is the hundred thousands digit of 1427713683?
7
What is the millions digit of 39477999?
9
What is the hundred millions digit of 552141181?
5
What is the units digit of 133550197?
7
What is the hundred thousands digit of 1232914450?
9
What is the thousands digit of 4857382894?
2
What is the tens digit of 61129123?
2
What is the ten thousands digit of 33640552?
4
What is the hundred thousands digit of 21410235?
4
What is the units digit of 58642577?
7
What is the hundred thousands digit of 5223224299?
2
What is the units digit of 5989189570?
0
What is the ten millions digit of 1066851313?
6
What is the tens digit of 232930438?
3
What is the tens digit of 3960301?
0
What is the ten thousands digit of 34776938?
7
What is the units digit of 116827153?
3
What is the hundred thousands digit of 42860920?
8
What is the ten millions digit of 21051940?
2
What is the ten millions digit of 2447803099?
4
What is the ten millions digit of 1800867425?
0
What is the thousands digit of 1215965613?
5
What is the ten millions digit of 83278961?
8
What is the millions digit of 128648471?
8
What is the hundreds digit of 56660773?
7
What is the hundred millions digit of 3493533334?
4
What is the hundreds digit of 112467061?
0
What is the millions digit of 10484342?
0
What is the hundred millions digit of 205779424?
2
What is the hundred thousands digit of 4074612?
0
What is the tens digit of 10610100?
0
What is the ten millions digit of 11497720?
1
What is the hundreds digit of 4738976583?
5
What is the tens digit of 7050189?
8
What is the millions digit of 9060025?
9
What is the hundred thousands digit of 1120736396?
7
What is the hundred thousands digit of 3834766453?
7
What is the millions digit of 11752644?
1
What is the units digit of 18593164?
4
What is the units digit of 43728143?
3
What is the thousands digit of 287310173?
0
What is the units digit of 2187173849?
9
What is the units digit of 1651450399?
9
What is the ten thousands digit of 4561188683?
8
What is the tens digit of 300695254?
5
What is the ten thousands digit of 4335769386?
6
What is the thousands digit of 384737462?
7
What is the billions digit of 1404280328?
1
What is the billions digit of 3279327229?
3
What is the ten thousands digit of 48905652?
0
What is the ten thousands digit of 1976754502?
5
What is the hundred thousands digit of 7841855900?
8
What is the tens digit of 124643052?
5
What is the hundreds digit of 54805191?
1
What is the ten millions digit of 896607438?
9
What is the units digit of 235093411?
1
What is the tens digit of 662711204?
0
What is the millions digit of 5106978519?
6
What is the millions digit of 1909075848?
9
What is the thousands digit of 458035941?
5
What is the ten millions digit of 43913134?
4
What is the thousands digit of 49443533?
3
What is the ten thousands digit of 94954724?
5
What is the hundreds digit of 310082073?
0
What is the ten thousands digit of 586534899?
3
What is the millions digit of 242912431?
2
What is the hundred thousands digit of 593621350?
6
What is the millions digit of 118573085?
8
What is the hundred millions digit of 141289720?
1
What is the units digit of 37152934?
4
What is the units digit of 949293552?
2
What is the hundred thousands digit of 2519594?
5
What is the thousands digit of 59019091?
9
What is the thousands digit of 1371954192?
4
What is the hundred thousands digit of 626685590?
6
What is the tens digit of 1567989972?
7
What is the millions digit of 513407585?
3
What is the thousands digit of 82758791?
8
What is the hundred millions digit of 244053616?
2
What is the hundred millions digit of 256155972?
2
What is the tens digit of 151634887?
8
What is the hundred thousands digit of 495219338?
2
What is the units digit of 169132896?
6
What is the hundreds digit of 240341434?
4
What is the units digit of 61456063?
3
What is the millions digit of 2478572140?
8
What is the tens digit of 248666244?
4
What is the thousands digit of 458575900?
5
What is the hundred thousands digit of 26483120?
4
What is the millions digit of 12137924?
2
What is the thousan